70669 is divided by 1236?
1221
Calculate the remainder when 104482787 is divided by 309.
308
Calculate the remainder when 288758 is divided by 390.
158
What is the remainder when 199331963 is divided by 171?
170
What is the remainder when 5352349 is divided by 38505?
154
Calculate the remainder when 656430889 is divided by 5963.
5960
What is the remainder when 16927487 is divided by 3122?
3
What is the remainder when 71386934 is divided by 15?
14
What is the remainder when 1516061 is divided by 4665?
4601
Calculate the remainder when 81873368 is divided by 866.
862
What is the remainder when 1014258 is divided by 2889?
219
What is the remainder when 6310082 is divided by 573642?
20
Calculate the remainder when 62470107 is divided by 6941123.
0
Calculate the remainder when 2062894 is divided by 417.
412
What is the remainder when 79569484 is divided by 343?
1
Calculate the remainder when 4898706 is divided by 2449330.
46
Calculate the remainder when 31053511 is divided by 3450390.
1
What is the remainder when 68271 is divided by 33371?
1529
What is the remainder when 62644 is divided by 1977?
1357
Calculate the remainder when 4215137 is divided by 3356.
1
What is the remainder when 109792898 is divided by 987?
5
Calculate the remainder when 278031 is divided by 15410.
651
What is the remainder when 2731719 is divided by 968?
23
What is the remainder when 11378842 is divided by 6585?
6547
What is the remainder when 3934887 is divided by 1551?
0
Calculate the remainder when 4220611 is divided by 3374.
3111
Calculate the remainder when 605114 is divided by 100852.
2
Calculate the remainder when 23143 is divided by 22049.
1094
What is the remainder when 103697 is divided by 3988?
9
Calculate the remainder when 5544899 is divided by 101.
100
What is the remainder when 996969 is divided by 996954?
15
What is the remainder when 907234 is divided by 3476?
3474
What is the remainder when 421423 is divided by 45?
43
Calculate the remainder when 269806 is divided by 88.
86
What is the remainder when 791753 is divided by 14332?
3493
What is the remainder when 2309929 is divided by 912?
745
Calculate the remainder when 511427248 is divided by 6.
4
What is the remainder when 1081709 is divided by 108166?
49
What is the remainder when 608053956 is divided by 38?
34
What is the remainder when 50849637 is divided by 3585?
3582
What is the remainder when 7317217 is divided by 12488?
11737
What is the remainder when 597862 is divided by 147?
13
What is the remainder when 7485667 is divided by 2647?
2598
What is the remainder when 75971 is divided by 32?
3
What is the remainder when 742647 is divided by 1412?
1347
What is the remainder when 257627897 is divided by 297?
296
What is the remainder when 3049692 is divided by 107?
85
Calculate the remainder when 5672874 is divided by 120.
114
Calculate the remainder when 7967057 is divided by 7967044.
13
What is the remainder when 4244 is divided by 4199?
45
What is the remainder when 50343123 is divided by 175?
173
What is the remainder when 4378852 is divided by 257?
86
What is the remainder when 1417146 is divided by 131?
119
What is the remainder when 1193200 is divided by 298282?
72
Calculate the remainder when 34137 is divided by 82.
25
Calculate the remainder when 123405 is divided by 2876.
2613
Calculate the remainder when 1435367 is divided by 23.
6
Calculate the remainder when 7155881 is divided by 4350.
131
What is the remainder when 8500802 is divided by 3364?
3338
What is the remainder when 1933261 is divided by 92057?
64
What is the remainder when 9650351 is divided by 2412585?
11
What is the remainder when 61596996 is divided by 2943?
6
What is the remainder when 94931654 is divided by 4641?
4640
Calculate the remainder when 51749288 is divided by 183.
182
Calculate the remainder when 333344 is divided by 47617.
25
Calculate the remainder when 8202 is divided by 3809.
584
What is the remainder when 687650 is divided by 5158?
1636
Calculate the remainder when 920141 is divided by 142.
123
Calculate the remainder when 26955497 is divided by 11.
8
Calculate the remainder when 23484 is divided by 2605.
39
What is the remainder when 70050729 is divided by 56?
49
Calculate the remainder when 1744011 is divided by 39.
9
Calculate the remainder when 2204209 is divided by 2566.
15
What is the remainder when 927537 is divided by 1134?
1059
What is the remainder when 1560030 is divided by 389985?
90
What is the remainder when 133847 is divided by 182?
77
What is the remainder when 610657 is divided by 202692?
2581
What is the remainder when 1158060 is divided by 2846?
2584
Calculate the remainder when 375798 is divided by 37570.
98
What is the remainder when 255422044 is divided by 18?
10
Calculate the remainder when 58423 is divided by 578.
45
What is the remainder when 674236 is divided by 106?
76
Calculate the remainder when 4780587 is divided by 1593190.
1017
Calculate the remainder when 1990198 is divided by 197.
104
What is the remainder when 121457585 is divided by 11330?
11315
What is the remainder when 47598 is divided by 1127?
264
What is the remainder when 71322 is divided by 1156?
806
Calculate the remainder when 1465509 is divided by 1416.
1365
Calculate the remainder when 118169 is divided by 23485.
744
Calculate the remainder when 2493158 is divided by 118718.
80
Calculate the remainder when 158476 is divided by 7682.
4836
Calculate the remainder when 11246136 is divided by 2.
0
Calculate the remainder when 10571549 is divided by 690.
59
What is the remainder when 25339 is divided by 12589?
161
Calculate the remainder when 2080782 is divided by 1995.
1992
What is the remainder when 83622 is divided by 83571?
51
Calculate the remainder when 305992 is divided by 60670.
2642
Calculate the remainder when 40372786 is divided by 208.
194
Calculate the remainder when 5935 is divided by 92.
47
Calculate the remainder when 10933205 is divided by 331309.
8
Calculate the remainder when 507771 is divided by 59.
17
Calculate the remainder when 1587766 is divided by 8494.
7882
What is the remainder when 1380237 is divided by 13801?
137
What is the remainder when 118528132 is divided by 110?
52
Calculate the remainder when 1214378 is divided by 8800.
8778
Calculate the remainder when 182625201 is divided by 162.
9
Calculate the remainder when 163027617 is divided by 1593.
1590
What is the remainder when 6386186 is divided by 638612?
66
Calculate the remainder when 745085 is divided by 1644.
353
What is the remainder when 732450 is divided by 104?
82
What is the remainder when 4997801 is divided by 287?
270
Calculate the remainder when 194230 is divided by 64729.
43
Calculate the remainder when 30360 is divided by 3684.
888
Calculate the remainder when 2999877 is divided by 599972.
17
Calculate the remainder when 249239 is divided by 190.
149
Calculate the remainder when 416193 is divided by 103609.
1757
What is the remainder when 11960254 is divided by 809?
807
What is the remainder when 5317963 is divided by 1063590?
13
Calculate the remainder when 162290 is divided by 32431.
135
What is the remainder when 911572 is divided by 8363?
5
Calculate the remainder when 2964367 is divided by 8100.
7867
Calculate the remainder when 1333048 is divided by 51271.
2
Calculate the remainder when 108207 is divided by 323.
2
What is the remainder when 819919 is divided by 30367?
10
Calculate the remainder when 2117500 is divided by 121.
0
What is the remainder when 13431 is divided by 13175?
256
Calculate the remainder when 2746871 is divided by 147.
29
Calculate the remainder when 479596093 is divided by 16.
13
What is the remainder when 11327882 is divided by 622?
18
Calculate the remainder when 37789 is divided by 12538.
175
Calculate the remainder when 916575 is divided by 645.
30
What is the remainder when 31303 is divided by 894?
13
Calculate the remainder when 10038 is divided by 1995.
63
What is the remainder when 246711 is divided by 5866?
339
Calculate the remainder when 11516203 is divided by 5758092.
19
What is the remainder when 3115534 is divided by 282?
280
Calculate the remainder when 216058 is divided by 527.
515
What is the remainder when 5109697 is divided by 327?
322
Calculate the remainder when 1911558 